7
List the prime factors of 36481.
191
What are the prime factors of 822863?
179, 4597
List the prime factors of 9468171.
3, 41, 2851
List the prime factors of 9075566.
2, 4537783
List the prime factors of 2421647.
23, 211, 499
What are the prime factors of 502428?
2, 3, 149, 281
What are the prime factors of 67671?
3, 73, 103
List the prime factors of 7686306.
2, 3, 37, 3847
What are the prime factors of 621485?
5, 124297
What are the prime factors of 11038917?
3, 43, 83, 1031
What are the prime factors of 296578?
2, 257, 577
What are the prime factors of 276447?
3, 43, 2143
What are the prime factors of 2985876?
2, 3, 27647
List the prime factors of 795194.
2, 397597
List the prime factors of 3416426.
2, 13, 101, 1301
What are the prime factors of 266301?
3, 7, 1409
What are the prime factors of 427897?
449, 953
What are the prime factors of 19435306?
2, 11, 883423
List the prime factors of 117616.
2, 7351
List the prime factors of 733807.
733807
What are the prime factors of 1034385?
3, 5, 11, 6269
List the prime factors of 290943.
3, 32327
What are the prime factors of 7325854?
2, 3662927
List the prime factors of 291301.
37, 7873
List the prime factors of 18486716.
2, 4621679
What are the prime factors of 815098?
2, 151, 2699
What are the prime factors of 9436404?
2, 3, 113, 6959
What are the prime factors of 2622484?
2, 43, 79, 193
What are the prime factors of 13607315?
5, 173, 15731
What are the prime factors of 1341255?
3, 5, 89417
List the prime factors of 208033.
7, 113, 263
List the prime factors of 313066.
2, 13, 12041
What are the prime factors of 390503?
390503
List the prime factors of 102035.
5, 20407
List the prime factors of 7620974.
2, 61, 62467
What are the prime factors of 325068?
2, 3, 103, 263
What are the prime factors of 13172521?
41, 101, 3181
List the prime factors of 2877635.
5, 53, 10859
List the prime factors of 3150439.
37, 85147
What are the prime factors of 7125224?
2, 890653
What are the prime factors of 125055?
3, 5, 7, 397
What are the prime factors of 7603951?
509, 14939
List the prime factors of 67560.
2, 3, 5, 563
What are the prime factors of 678564?
2, 3, 61, 103
What are the prime factors of 83241?
3, 3083
List the prime factors of 623634.
2, 3, 11, 859
List the prime factors of 356439.
3, 17, 29, 241
What are the prime factors of 281347?
11, 25577
What are the prime factors of 24901728?
2, 3, 47, 5519
What are the prime factors of 9518322?
2, 3, 11, 29, 4973
What are the prime factors of 8736460?
2, 5, 103, 4241
What are the prime factors of 228245?
5, 191, 239
What are the prime factors of 5153191?
5153191
What are the prime factors of 4362773?
4362773
List the prime factors of 273018.
2, 3, 45503
List the prime factors of 20619305.
5, 7, 589123
List the prime factors of 857249.
857249
List the prime factors of 2743803.
3, 304867
List the prime factors of 4305883.
269, 16007
List the prime factors of 136971.
3, 19, 89
What are the prime factors of 390650?
2, 5, 13, 601
List the prime factors of 11736343.
11736343
What are the prime factors of 79451?
79451
What are the prime factors of 28128736?
2, 879023
List the prime factors of 428198.
2, 347, 617
List the prime factors of 16486762.
2, 8243381
List the prime factors of 2307655.
5, 7, 9419
What are the prime factors of 969906?
2, 3, 7, 3299
List the prime factors of 7166406.
2, 3, 13, 79, 1163
What are the prime factors of 2676615?
3, 5, 178441
List the prime factors of 3807.
3, 47
List the prime factors of 33126.
2, 3, 5521
List the prime factors of 1001757.
3, 131, 2549
What are the prime factors of 14748991?
89, 165719
What are the prime factors of 462923?
31, 109, 137
What are the prime factors of 575124?
2, 3, 11, 4357
What are the prime factors of 13882536?
2, 3, 64271
What are the prime factors of 10467442?
2, 19, 275459
List the prime factors of 6609404.
2, 1652351
What are the prime factors of 6107088?
2, 3, 13, 9787
What are the prime factors of 5265198?
2, 3, 73, 4007
List the prime factors of 1332197.
521, 2557
List the prime factors of 1520056.
2, 251, 757
List the prime factors of 2513056.
2, 7, 13, 863
What are the prime factors of 350813?
29, 12097
What are the prime factors of 1097761?
7, 156823
What are the prime factors of 3623725?
5, 7, 20707
What are the prime factors of 411530?
2, 5, 7, 5879
What are the prime factors of 8137963?
911, 8933
List the prime factors of 3207607.
13, 246739
What are the prime factors of 398105?
5, 79621
What are the prime factors of 8022031?
577, 13903
What are the prime factors of 1203005?
5, 17, 14153
What are the prime factors of 335984?
2, 11, 23, 83
What are the prime factors of 4081819?
7, 17, 34301
List the prime factors of 8962043.
17, 527179
What are the prime factors of 17382991?
757, 22963
What are the prime factors of 3551362?
2, 101, 17581
List the prime factors of 1221642.
2, 3, 7541
What are the prime factors of 210841?
23, 89, 103
What are the prime factors of 1122577?
19, 59083
List the prime factors of 6420515.
5, 157, 8179
What are the prime factors of 653220?
2, 3, 5, 19, 191
What are the prime factors of 12910428?
2, 3, 39847
What are the prime factors of 1096765?
5, 219353
What are the prime factors of 154725?
3, 5, 2063
What are the prime factors of 20927190?
2, 3, 5, 311, 2243
What are the prime factors of 18478393?
19, 277, 3511
List the prime factors of 613117.
67, 9151
List the prime factors of 1645894.
2, 19, 43313
What are the prime factors of 2545234?
2, 1272617
What are the prime factors of 1180297?
277, 4261
What are the prime factors of 205184?
2, 7, 229
List the prime factors of 330434.
2, 13, 71, 179
What are the prime factors of 1364690?
2, 5, 239, 571
What are the prime factors of 379677?
3, 19, 6661
List the prime factors of 286236.
2, 3, 7951
What are the prime factors of 3975520?
2, 5, 24847
What are the prime factors of 16662086?
2, 7, 1190149
List the prime factors of 4401498.
2, 3, 67, 10949
List the prime factors of 1004238.
2, 3, 6199
List the prime factors of 7315924.
2, 7, 11, 23753
List the prime factors of 218244.
2, 3, 13, 1399
What are the prime factors of 343398?
2, 3, 11, 43
List the prime factors of 5357129.
223, 24023
What are the prime factors of 152000?
2, 5, 19
What are the prime factors of 127690?
2, 5, 113
What are the prime factors of 2415065?
5, 71, 6803
List the prime factors of 9002.
2, 7, 643
What are the prime factors of 146499?
3, 47, 1039
What are the prime factors of 386281?
7, 139, 397
List the prime factors of 17030161.
17030161
List the prime factors of 3169738.
2, 11, 13, 11083
What are the prime factors of 3876317?
3876317
What are the prime factors of 575462?
2, 287731
What are the prime factors of 375112?
2, 46889
What are the prime factors of 65165?
5, 13033
What are the prime factors of 1952983?
67, 103, 283
What are the prime factors of 10679517?
3, 113, 10501
List the prime factors of 168831.
3, 13, 37
What are the prime factors of 401595?
3, 5, 41, 653
List the prime factors of 239293.
271, 883
List the prime factors of 212822.
2, 106411
What are the prime factors of 3121155?
3, 5, 43, 1613
What are the prime factors of 9808375?
5, 78467
List the prime factors of 16420285.
5, 7, 61, 7691
List the prime factors of 190571.
149, 1279
List the prime factors of 5641074.
2, 3, 79, 3967
List the prime factors of 14398080.
2, 3, 5, 7499
What are the prime factors of 6891358?
2, 17, 157, 1291
What are the prime factors of 26360881?
31, 850351
List the prime factors of 1436086.
2, 718043
List the prime factors of 5499046.
2, 7, 101, 3889
What are the prime factors of 1917678?
2, 3, 7, 45659
List the prime factors of 2776130.
2, 5, 7, 39659
What are the prime factors of 583938?
2, 3, 32441
What are the prime factors of 29209629?
3, 9736543
What are the prime factors of 13710?
2, 3, 5, 457
List the prime factors of 51598.
2, 25799
What are the prime factors of 8643457?
8643457
What are the prime factors of 159907?
11, 14537
What are the prime factors of 1459449?
3, 31, 5231
What are the prime factors of 705039?
3, 235013
What are the prime factors of 600288?
2, 3, 13, 37
What are the prime factors of 13792707?
3, 409, 1249
List the prime factors of 317862.
2, 3, 17659
List the prime factors of 4184358.
2, 3, 181, 3853
What are